1831419 a composite number?
False
Is 19628910409 a composite number?
True
Is 19582315219 prime?
False
Is 598753163 composite?
True
Is 3409736431 composite?
False
Is 1090919897 a prime number?
False
Is 8263978753 prime?
True
Is 1604110981 composite?
True
Is 202648309 a composite number?
True
Is 124318907 prime?
False
Is 13494018061 prime?
True
Is 127601063 a composite number?
False
Is 3569720941 prime?
True
Is 23970709963 a prime number?
False
Is 18188187581 composite?
True
Is 150994575701 a composite number?
False
Is 18038618879 a composite number?
True
Is 385635827 prime?
True
Is 5554774047 composite?
True
Is 5300865781 prime?
True
Is 1527629891 a prime number?
False
Is 222632639 a prime number?
True
Is 230650733 prime?
True
Is 7527134093 prime?
True
Is 396643378231 a prime number?
False
Is 1966337587 prime?
True
Is 2133767609 a prime number?
True
Is 96852047699 composite?
True
Is 140959487 composite?
False
Is 5691834539 a composite number?
False
Is 926234677 a prime number?
True
Is 465739901 a composite number?
True
Is 6758773447 composite?
False
Is 23871535111 a prime number?
False
Is 25316629807 composite?
True
Is 4715669 composite?
True
Is 11622035913 composite?
True
Is 891250919 composite?
True
Is 3451526413 composite?
False
Is 2872981333 composite?
False
Is 4191140829 a prime number?
False
Is 136881139 prime?
False
Is 6955750771 a composite number?
False
Is 1170261887 a prime number?
False
Is 2054903471 a composite number?
False
Is 15865273441 a composite number?
True
Is 241719748787 composite?
True
Is 679325509 a prime number?
True
Is 814203227 a composite number?
True
Is 164066952073 composite?
False
Is 104472799189 a composite number?
True
Is 1789065563 prime?
True
Is 17393950751 composite?
False
Is 426332447 a composite number?
False
Is 5249583919 a composite number?
False
Is 8241347183 a prime number?
False
Is 8526108863 composite?
False
Is 7665077107 composite?
False
Is 14649883617 composite?
True
Is 23267511731 a prime number?
False
Is 113246293187 prime?
True
Is 8252427961 prime?
True
Is 18314189449 a composite number?
True
Is 4931562109 composite?
False
Is 154131778201 prime?
True
Is 85146846717 a composite number?
True
Is 264306463 a composite number?
True
Is 4788413701 prime?
False
Is 496896251 prime?
False
Is 13429948801 prime?
True
Is 182130205747 a prime number?
False
Is 32693583095 composite?
True
Is 39248857 composite?
False
Is 13411918253 a prime number?
True
Is 3716119793 a prime number?
True
Is 3335620693 prime?
True
Is 401333753 composite?
True
Is 2454449797 a prime number?
False
Is 7014944399 composite?
True
Is 1485879007 a prime number?
True
Is 153928346743 composite?
False
Is 866630273 a composite number?
False
Is 136318884881 prime?
True
Is 2523964265 prime?
False
Is 3197070007 prime?
True
Is 187375321307 prime?
False
Is 766171969 a prime number?
True
Is 542847829 composite?
False
Is 693556483 composite?
True
Is 693669637 prime?
True
Is 14746889393 a prime number?
True
Is 7660243243 a composite number?
True
Is 616301759 a prime number?
True
Is 16809292079 composite?
True
Is 64120219853 prime?
True
Is 9912096661 a composite number?
True
Is 1076200649 composite?
True
Is 4574642015 a composite number?
True
Is 288913799 a prime number?
True
Is 38812995229 a composite number?
True
Is 6096366421 prime?
True
Is 2742339833 prime?
False
Is 2201493941 a composite number?
False
Is 4267436923 prime?
True
Is 39276106609 a prime number?
False
Is 101997028379 a prime number?
False
Is 429744619 prime?
True
Is 289211287 a composite number?
True
Is 66940810159 composite?
True
Is 14159368193 prime?
False
Is 117551037 a prime number?
False
Is 131583541 prime?
False
Is 1389847939 prime?
False
Is 2352982783 a composite number?
False
Is 2933744435 a composite number?
True
Is 24880175443 a prime number?
False
Is 291178709 a composite number?
False
Is 15114513997 a prime number?
False
Is 9118743727 a composite number?
True
Is 2330318633 prime?
True
Is 22612670417 a prime number?
True
Is 6924117911 a prime number?
True
Is 30129373111 composite?
False
Is 851471729 composite?
False
Is 146450011373 a prime number?
True
Is 441866012207 a composite number?
False
Is 4404129551 a prime number?
False
Is 31997357533 a composite number?
True
Is 28798809553 composite?
True
Is 23353332941 a composite number?
True
Is 2329787731 composite?
True
Is 4889050891 a prime number?
True
Is 9273918743 prime?
False
Is 90916927 a prime number?
True
Is 1225918426 a composite number?
True
Is 1741987889 a composite number?
False
Is 11803729097 composite?
False
Is 222866671 composite?
False
Is 12908928311 a prime number?
False
Is 723482251 composite?
False
Is 171946391 a prime number?
True
Is 4313260309 a prime number?
False
Is 3713360243 prime?
False
Is 2649918197 a prime number?
False
Is 21980514373 prime?
False
Is 11824719397 composite?
False
Is 59821120303 prime?
False
Is 1545501851 a prime number?
True
Is 708783409 a composite number?
False
Is 42516452557 a composite number?
False
Is 2731322081 a composite number?
False
Is 1783954966 prime?
False
Is 721727233 composite?
True
Is 157390823 a prime number?
False
Is 1553222053 a prime number?
True
Is 56023699319 prime?
False
Is 6036303263 a prime number?
True
Is 1618551731 composite?
False
Is 1937561257 a composite number?
True
Is 442814951 composite?
False
Is 126610723 composite?
True
Is 2255201891 a prime number?
True
Is 24667417 composite?
False
Is 33432636899 prime?
False
Is 5275266873 a composite number?
True
Is 18825127583 prime?
True
Is 69135665531 composite?
True
Is 31318518083 a prime number?
False
Is 1149838043 prime?
False
Is 7245970573 a prime number?
False
Is 302643203 a composite number?
False
Is 2201022839 a prime number?
False
Is 7878679997 composite?
False
Is 2258362901 composite?
True
Is 534177541 a prime number?
True
Is 5263280521 prime?
True
Is 212153167 a prime number?
True
Is 5353876067 a prime number?
True
Is 144448569457 composite?
False
Is 753625079 a prime number?
False
Is 1298195207 prime?
False
Is 25280645287 composite?
False
Is 1300822771 composite?
False
Is 1147891919 a prime number?
True
Is 2070761011 composite?
True
Is 2682468695 prime?
False
Is 1315243427 a prime number?
True
Is 5920928411 composite?
False
Is 265666217 a prime number?
True
Is 2234036429 composite?
True
Is 16294638419 a composite number?
True
Is 4239449551 a composite number?
True
Is 1435749761 composite?
False
Is 5680767221 prime?
True
Is 53264167111 composite?
False
Is 314641517 a prime number?
True
Is 3077060131 a prime number?
False
Is 85750019 a prime number?
False
Is 12895132409 a prime number?
True
Is 5425301017 a composite number?
False
Is 2467741541 a prime number?
True
Is 8423277043 a prime number?
False
Is 3372514142 a prime number?
False
Is 25204888463 prime?
False
Is 2170773751 a prime number?
False
Is 15461993941 composite?
True
Is 73100618921 prime?
False
Is 7835591 a prime number?
False
Is 14218919783 prime?
True
Is 22611815851 composite?
True
Is 5069476477 a composite number?
True
Is 18362553899 a composite number?
True
Is 1149185603 a composite number?
False
Is 8054731339 a prime number?
False
Is 60536830489 composite?
True
Is 3571467317 composite?
True
Is 1818489454 a composite number?
True
Is 3714319061 prime?
False
Is 24808949647 prime?
True
Is 30952931 a composite number?
True
Is 15313304491 prime?
True
Is 254745299 a prime number?
True
Is 18661439647 a composite number?
False
Is 246894733 composite?
True
Is 3657801689 prime?
True
Is 418461703529 composite?
True
Is 2734934381 prime?
False
Is 622222 composite?
True
Is 87210653 prime?
False
Is 7472501779 a composite number?
False
Is 168410843 prime?
False
Is 36864991 a composite number?
False
Is 5169256313 a prime number?
False
Is 259479131 a composite number?
False
Is 48079355941 prime?
True
Is 23109637403 a composite number?
True
Is 55790844643 prime?
True
Is 1614427123 a composite number?
True
Is 15756942719 a composite number?
True
Is 3637014763 a composite number?
True
Is 36583431517 a prime number?
False
Is 35142263953 composite?
False
Is 1868274451 a prime number?
True
Is 738576899 a composite number?
True
Is 1505125151 composite?
False
Is 69232275757 a prime number?
True
Is 25180931 a prime number?
False
Is 10039580099 composite?
False